= -3*h**3 + 2*h**2 + 7*h + 3. Let r(o) = -o**3 + o**2 + 3*o + 2. Let z(t) = i*c(t) - 5*r(t). Calculate z(0).
-4
Suppose -o = -3*r + 12, -3*r = -11 - 4. Let f be (-1)/(-1 - 5/(-6)). Let p(i) = -2*i**3 + i**o + f + 5*i**2 - 4*i - 3*i + 2*i. Determine p(4).
2
Let r(y) be the first derivative of -y**3/3 - 7*y**2/2 - y - 3. Let a be (2/(-6))/((-1)/39). Suppose -a = 3*g + 2. Calculate r(g).
9
Suppose -l + 2*z - 19 = -3*z, -4 = 4*l + 4*z. Let v(g) be the first derivative of g + g**2 + 1/3*g**3 + 1. Determine v(l).
9
Let o(r) = -5*r**2 - r**2 - 2*r + r**3 + 1 + 4 + 6*r. Give o(5).
0
Suppose -5*z + 2*z = -15. Let i(k) = -1 + 0 - 2 - k**2 + 0*k + 4*k. Give i(z).
-8
Let h(x) be the first derivative of x**2/2 - 3*x + 8. Calculate h(5).
2
Let x(i) = i + 1. Let a be x(-5). Let z(d) be the second derivative of d**4/12 + d**3/2 - 5*d**2/2 + 4*d. Determine z(a).
-1
Let v(q) = q**3 - 4*q**2 - 8*q - 6. Let s(a) = a. Let t(j) = -4*s(j) - v(j). Suppose 5*i + p + 0*p = 24, 0 = 4*i + 3*p - 17. Calculate t(i).
1
Let b be (4 - -1)*(-4 - -5). Suppose b*a + 0*a = 20. Suppose 0 = -a*p + w - 2*w + 10, 4*p - w = 14. Let k(s) = -s**2 + 3*s + 2. What is k(p)?
2
Let k(c) = c**3 + 3*c**2 - 5*c - 4. Let h(u) = -u**2 + 6*u - 12. Let q be h(4). Calculate k(q).
0
Let x(g) = -13*g**3 + 6*g + 15. Let z(o) = 7*o**3 - 3*o - 8. Let h(b) = -6*x(b) - 11*z(b). What is h(3)?
16
Suppose 3*g - 27 = -6. Let c(d) = -5*d + 7. Let f(a) = 12*a - 13. Let l(b) = 5*c(b) + 2*f(b). Calculate l(g).
2
Let r(z) = z**2 - 7*z + 8. Let n be r(6). Let j(d) = -n - 5*d**2 + 4*d**2 + 7*d - d - 1. Determine j(4).
5
Let f = 11 + -11. Let n(m) be the third derivative of 1/24*m**4 + 0 - 5/6*m**3 - 1/120*m**6 + 0*m**5 + 3*m**2 + 0*m. Calculate n(f).
-5
Let i(f) = -39*f + 37*f - 2 + 0. Determine i(4).
-10
Suppose 4 = j, 3*k = -4*j + 13 + 9. Let m(s) = -s**2 + 4 + 6*s**k + 2 + s**3 - 5 + 5*s. Give m(-4).
-3
Let o(c) = c**3 + 5*c**2 + c + 7. Suppose 1 = m - 2. Suppose -z = -5*g - 5*z + 6, -m*g + 4*z + 10 = 0. Suppose 3 = -g*w - 7. Determine o(w).
2
Let z be (8/10)/((-8)/(-20)). Let p(b) = 2 + 2*b**z - b**2 + 0 + b - 1. Determine p(0).
1
Let q(c) be the first derivative of -c**2 + c + 25. Give q(-2).
5
Let i(u) = -u + 2. Suppose 2 = 3*d - 4. Suppose 0 = -5*a + d*m + 35, 0 = 5*a + 3*m - 5 - 5. Calculate i(a).
-3
Let z(q) = q + 2. Suppose -3*v - 11 + 2 = 0. Determine z(v).
-1
Let o(c) = 2*c**2 - 3*c. Let b = -31 - -33. Give o(b).
2
Suppose 40 = -4*a + 9*a + 5*j, 5*a - 46 = -2*j. Let x(n) = -4 + 4*n**2 - 1 + n**3 - a*n**2 + 1. What is x(6)?
-4
Let f(j) = -j**2 - 3*j + 1. Let t = 13 - 9. Suppose -1 - t = i. Calculate f(i).
-9
Let s(g) be the third derivative of g**7/5040 - g**6/60 - g**5/12 - 2*g**2. Let h(m) be the third derivative of s(m). Determine h(6).
-6
Let b(n) be the first derivative of -4*n**2 - 5*n + 3*n**2 - 1 + 4. What is b(4)?
-13
Let x(i) = 6*i**2 - 2*i + 1. Let n be ((-2)/(-4))/((-6)/(-12)). Determine x(n).
5
Let c be (-1)/5 - 21/(-5). Let r(y) = 3 - 3 - 1 - 2*y - c*y. What is r(-2)?
11
Let g = 17 + -14. Let m(j) = g - 2*j + 2*j**3 - 2*j**2 + 6*j**2 - 3*j**3 - 3*j**2. Calculate m(2).
-5
Suppose -4*u + 41 = -5*g, -3*g + 2*u - 7*u = -5. Let l(c) = -2 + 1 + 6 + 4*c. Give l(g).
-15
Let x(p) = 4 - 1 + 6 - 4*p - p**2. Calculate x(-7).
-12
Suppose 9*o = 4*o. Let r(a) = 2*a + o*a + 1 - 3. Let m = 217 + -213. Determine r(m).
6
Let t(s) be the third derivative of s**4/24 + s**3/6 + 2*s**2. Let b be 6/(1 - -1) + 2. Give t(b).
6
Let g(u) = u**3 - 10*u**2 - 5*u - 3. Let b(r) = -2*r**3 + 19*r**2 + 9*r + 6. Let m(h) = 6*b(h) + 11*g(h). What is m(4)?
-1
Let i be (-6)/(-27) + 70/9. Let m = i + -12. Let c = m + 9. Let a(w) = -w - 3. Give a(c).
-8
Let c(z) = -4*z + 3. Suppose 2*f + 9 = -1. Let b(l) = l - 1. Let o(u) = f*b(u) - c(u). Determine o(3).
-1
Let u(t) be the second derivative of -t**4/24 + t**3/6 + t**2 - 2*t. Let h(a) be the first derivative of u(a). Calculate h(4).
-3
Let f be 5/(10/(-16)) - -1. Let u(v) = 3*v**3 - 28*v**2 + 18*v + 16. Let p(x) = -2*x**3 + 19*x**2 - 12*x - 11. Let l(q) = f*p(q) - 5*u(q). Determine l(6).
-3
Suppose -4*s - 9 = 3*i - s, 5*s = -15. Let x(v) = i*v - v + 0 - 1. Calculate x(2).
-3
Let h be (-4)/(-10) + 28/5. Suppose h*j = 2*j + 16. Let v(a) = -2*a - 3. Calculate v(j).
-11
Suppose 0 = -0*q + 3*q - 36. Suppose -q = -5*u + 8. Let y(r) = 2*r + 2. What is y(u)?
10
Let a(o) = -11*o**2 + 26*o - 20. Let f(u) = 4*u**2 - 9*u + 7. Let t(b) = -6*a(b) - 17*f(b). Calculate t(-3).
-8
Let x be 6/(-1) + (-5 - -7). Let f(z) = z**3 + 3*z**2 - 2*z + 3. Let j be f(x). Let a(p) = -p. Give a(j).
5
Let k be (-1 - 19)/(-2) - (7 - 7). Let l(x) = x**3 - 9*x**2 - 11*x - 3. Calculate l(k).
-13
Let s(a) = a - 4. Let g = 51 - 49. Calculate s(g).
-2
Let u(p) be the third derivative of p**7/840 + p**6/72 - p**5/60 - p**4/6 + 2*p**3/3 - 3*p**2. Let t(w) be the first derivative of u(w). Determine t(-5).
6
Let l(t) = -3*t**2 + 25*t - 20. Let c(z) = 2*z**2 - 17*z + 13. Let h(u) = -7*c(u) - 5*l(u). Calculate h(6).
9
Suppose v + v = 0. Suppose -4*d + 4 + v = 0. Let a(w) = 4*w**3 + w - 1. Calculate a(d).
4
Let c = -1 - 2. Let h be c/(-2)*-2 - -2. Let z(i) = 7*i - 1. Let d(r) = -14*r + 2. Let w(v) = 3*d(v) + 5*z(v). Give w(h).
8
Let p(t) = -4*t - 3. Suppose 5*g - 37 = -4*v, -4*g + 0*g + 26 = 2*v. Suppose -v + 1 = k. Let c be p(k). Let q(b) = b**3 - 6*b**2 + 4*b - 6. Give q(c).
-11
Suppose 3*v - 2*d = -v + 14, 3*d + 6 = v. Suppose -3*a + 27 = v*f + 9, 0 = 2*a. Let p(q) = -q**3 + 6*q**2 + 4. Determine p(f).
4
Suppose 3*s = 7*s - 8. Let g(r) be the first derivative of 2 - 2*r - 1/2*r**s. Calculate g(4).
-6
Let d = 7 - 5. Suppose 2*b = -4*f + 6*b, 0 = -d*f + b + 3. Let w(s) = 8*s - s**2 - f*s - 1 - s. Determine w(4).
-1
Suppose -2*f = 3*f. Suppose f*t + 2*t = 4. Let p(r) = r**3 - 5*r**2 + 2*r - 2. Let v(n) = n**2 - n + 1. Let c(k) = -p(k) - 3*v(k). Calculate c(t).
1
Let a(k) be the third derivative of k**6/120 - k**5/60 - k**4/24 - 2*k**3/3 + k**2. Let q be (-1)/(-2)*0/1. Calculate a(q).
-4
Let s be 5/7 + (-6)/(-21). Let r be (-2)/1*4/s. Let d = 4 + r. Let j(f) = -f**2 - 4*f - 4. Calculate j(d).
-4
Let m(z) = z - 3. Let j be m(6). Suppose 5*q - 10 = 0, q = -3*u - j*q + 2. Let n(d) = -d**3 + d**2 + 3*d + 3. What is n(u)?
9
Let y(h) be the second derivative of h**5/20 + 5*h**4/12 + 2*h**3/3 + 5*h**2/2 + 5*h. Determine y(-4).
5
Let z(l) = 0*l + l + 1 - 2 + 2*l. Suppose -j - 15 = -5*o - 0*j, -5*j = 2*o + 21. Give z(o).
5
Let d = -8 - -4. Let g be (-2)/d*0/(-1). Let i = g - -1. Let f(c) = c**2 - 2*c + 1. Calculate f(i).
0
Let p(y) = 3*y**3 + 2*y**2. Let d(i) = i**3 - i**2 - i. Let m(b) = 2*d(b) - p(b). Determine m(-2).
-4
Let p(t) be the first derivative of -6*t - 3/2*t**2 + 1. Calculate p(-4).
6
Let s(f) = 1. Let d(r) = -r - 13. Let u(n) = -d(n) - 6*s(n). Give u(0).
7
Let d(l) = -l**2 + 3*l + 1. Let h = 5 - -21. Let s be ((-13)/h)/((-2)/20). Determine d(s).
-9
Let n(w) = w**2 + 4*w + 4. Suppose 4 = -3*x - 5. Determine n(x).
1
Let h(p) = p. Let x(k) = -4*k + 9. Let r(s) = 5*h(s) + x(s). Calculate r(0).
9
Let h(g) = 2*g + 2. Let s = 2 - -2. Calculate h(s).
10
Suppose z - 12 = 4*n + 5, 3*z = -n - 14. Let c(g) = -4*g + 21. Let y(v) = v - 4. Let h(j) = -2*c(j) - 11*y(j). Determine h(z).
11
Let y(c) be the third derivative of c**4/24 + c**3 + c**2. Let w be ((-36)/(-16) + -3)*8. Determine y(w).
0
Let y(q) = -q**2 - 5*q - 3. Suppose 5*a + 30 = -5. Give y(a).
-17
Let t(k) be the first derivative of -k**3/3 - 3*k + 3. Let s(r) = -2*r**2 - 5. Let u(z) = -3*s(z) + 5*t(z). Calculate u(0).
0
Let d(j) = -2*j**2 - j. Suppose 5*o = 5 - 0. Let y = 4 - o. Suppose 4 = -y*k - 2. Determine d(k).
-6
Let a = 2 + -2. Let k(c) = -2*c + a - 3 + 0. What is k(-6)?
9
Let s(h) = h + 5. Suppose 8 = -6*y + 4*y. What is s(y)?
1
Let s(v) = v**2 - 3*v**2 + 3*v**2 - 3 + 2*v + 4. Suppose 3*c - 5 = -2*z - 21, 0 = -2*z - c - 8. Let m(q) = q**3 + q**2 - q. Let h be m(z). Calculate s(h).
1
Let j(u) be the third derivative of 2*u**4/3 + 6*u**3 - 5*u**2. Let c(m) = 3*m + 7. Let y(o) = 11*c(o) - 2*j(o). Determine y(-3).
2
Let x = 13 - 14. Let w(t) = 6*t**2 - t. What is w(x)?
7
Let m(f) = -3*f. Let t(z) = -7*z + 1. Let r(g) = 5*m(g) - 2*t(g). Determine r(-2).
0
Let m(y) = y**2 - y + 3. Let o(p) = 2*p**2 - 3*p + 7. Suppose 0*d + d + 7 = 0. Suppose 0 = -5*a - 0 + 15. Let x(b) = 